{"id":2,"date":"2015-06-23T21:08:48","date_gmt":"2015-06-23T21:08:48","guid":{"rendered":"http:\/\/dkorefloristeria.com\/new\/?page_id=2"},"modified":"2016-08-29T13:09:00","modified_gmt":"2016-08-29T19:09:00","slug":"sample-page","status":"publish","type":"page","link":"https:\/\/dkorefloristeria.com\/new\/sample-page\/","title":{"rendered":"Qui\u00e9nes Somos"},"content":{"rendered":"<p style=\"text-align: center;\"><strong><a href=\"http:\/\/dkorefloristeria.com\/new\/wp-content\/uploads\/2015\/06\/RODOLFOYPABLO.png\"><img loading=\"lazy\" decoding=\"async\" class=\"aligncenter wp-image-598 size-medium\" src=\"http:\/\/dkorefloristeria.com\/new\/wp-content\/uploads\/2015\/06\/RODOLFOYPABLO-295x300.png\" alt=\"\" width=\"295\" height=\"300\" srcset=\"https:\/\/dkorefloristeria.com\/new\/wp-content\/uploads\/2015\/06\/RODOLFOYPABLO-295x300.png 295w, https:\/\/dkorefloristeria.com\/new\/wp-content\/uploads\/2015\/06\/RODOLFOYPABLO-147x150.png 147w, https:\/\/dkorefloristeria.com\/new\/wp-content\/uploads\/2015\/06\/RODOLFOYPABLO-70x70.png 70w, https:\/\/dkorefloristeria.com\/new\/wp-content\/uploads\/2015\/06\/RODOLFOYPABLO.png 600w\" sizes=\"auto, (max-width: 295px) 100vw, 295px\" \/><\/a><\/strong><\/p>\n<p>&nbsp;<\/p>\n<p style=\"text-align: center;\"><strong>Rodolfo Gonzalez<\/strong>\u00a0 &amp;<strong> Pablo Monge\u00a0<\/strong><\/p>\n<p style=\"text-align: center;\">&#8230; Con m\u00e1s de 30 a\u00f1os de experiencia, nos encargamos que nuestros dise\u00f1os florales sean originales<br \/>\nsin perder la calidad y el servicio personalizado. D&#8217;Kore Florister\u00eda es una empresa que se ha caracterizado<br \/>\npor su excelente gusto, satisfaciendo las necesidades y presupuestos de cada cliente.<br \/>\n\u00abLa calidez, la creatividad, y el valor humano nos hace diferentes&#8230;\u00bb<\/p>\n","protected":false},"excerpt":{"rendered":"<p>&nbsp; Rodolfo Gonzalez\u00a0 &amp; Pablo Monge\u00a0 &#8230; Con m\u00e1s de 30 a\u00f1os de experiencia, nos encargamos que nuestros dise\u00f1os florales sean originales sin perder la calidad y el servicio personalizado. D&#8217;Kore Florister\u00eda es una empresa que se ha caracterizado por su excelente gusto, satisfaciendo las necesidades y presupuestos de cada cliente. \u00abLa calidez, la creatividad, [&hellip;]<\/p>\n","protected":false},"author":1,"featured_media":0,"parent":0,"menu_order":0,"comment_status":"closed","ping_status":"closed","template":"","meta":{"ngg_post_thumbnail":0,"footnotes":""},"class_list":["post-2","page","type-page","status-publish","hentry"],"_links":{"self":[{"href":"https:\/\/dkorefloristeria.com\/new\/wp-json\/wp\/v2\/pages\/2","targetHints":{"allow":["GET"]}}],"collection":[{"href":"https:\/\/dkorefloristeria.com\/new\/wp-json\/wp\/v2\/pages"}],"about":[{"href":"https:\/\/dkorefloristeria.com\/new\/wp-json\/wp\/v2\/types\/page"}],"author":[{"embeddable":true,"href":"https:\/\/dkorefloristeria.com\/new\/wp-json\/wp\/v2\/users\/1"}],"replies":[{"embeddable":true,"href":"https:\/\/dkorefloristeria.com\/new\/wp-json\/wp\/v2\/comments?post=2"}],"version-history":[{"count":9,"href":"https:\/\/dkorefloristeria.com\/new\/wp-json\/wp\/v2\/pages\/2\/revisions"}],"predecessor-version":[{"id":599,"href":"https:\/\/dkorefloristeria.com\/new\/wp-json\/wp\/v2\/pages\/2\/revisions\/599"}],"wp:attachment":[{"href":"https:\/\/dkorefloristeria.com\/new\/wp-json\/wp\/v2\/media?parent=2"}],"curies":[{"name":"wp","href":"https:\/\/api.w.org\/{rel}","templated":true}]}}