{"id":323,"date":"2015-07-07T18:16:59","date_gmt":"2015-07-07T18:16:59","guid":{"rendered":"http:\/\/dkorefloristeria.com\/new\/?page_id=323"},"modified":"2016-07-21T19:26:05","modified_gmt":"2016-07-22T01:26:05","slug":"testimonios","status":"publish","type":"page","link":"https:\/\/dkorefloristeria.com\/new\/testimonios\/","title":{"rendered":"Testimonios"},"content":{"rendered":"<p><em>\u00abSinceramente quedamos muy contentos y conformes. No nos queda m\u00e1s que seguir agradeciendo por haber hecho de nuestra boda un evento inolvidable, lleno de hermosos detalles, productos de calidad y m\u00e1s que accesibles los precios. Gracias por todo su trabajo y atenciones. Sus servicios estuvieron muy por arriba de nuestras expectativas.<br \/>\nSaludos,  un abrazo.\u00bb<br \/>\n<\/em><\/p>\n<blockquote><p><span style=\"color: #29baba;\"><em>Guido Delgado y Stephanie Leit\u00f3n, Boda (Febrero 20,2016)Restaurante Maderos.<\/em><\/span><\/p><\/blockquote>\n<hr \/>\n<p><em>\u00abNuestra experiencia con Dkore Florister\u00eda fue muy satisfactoria desde el momento del primer contacto, donde nos encontramos con una atenci\u00f3n muy c\u00e1lida y orientada a cumplir con lo que el cliente solicita. Al momento de la prueba nos vimos sorprendidos por el gran trabajo que se realiz\u00f3 y est\u00e1bamos seguros de que tomamos la mejor decisi\u00f3n contrat\u00e1ndolos para nuestra boda. Ese d\u00eda todo se vio espectacular, las flores eran de muy buena calidad, el montaje fue hecho puntual y tal y como lo hab\u00edamos acordado. Superaron nuestras expectativas e hicieron que nuestra noche se viera realmente hermosa. Gracias!\u00bb<\/em><\/p>\n<blockquote>\n<p style=\"text-align: left;\"><span style=\"color: #29baba;\"><em>Nathalie Gamboa y Tom\u00e1s Soley, Wyndham Herradura, 30 de Abril de 2016<\/em><\/span><\/p>\n<\/blockquote>\n<hr \/>\n<p><em>\u00abEl trabajo que Dkore realiz\u00f3 en mi boda fue realmente espectacular, pudieron convertir todas mis ideas en realidad y las perfeccionaron con su profesionalismo y creatividad. Resumido en dos palabras su trabajo se define en EXCELENCIA Y CALIDAD\u00bb <\/em><\/p>\n<blockquote>\n<p style=\"text-align: left;\"><span style=\"color: #29baba;\"><em>Maariana &#038; Manuel 19 de Marzo 2016 Hacienda Sitio de Mata, Turrialba.<\/em><\/span><\/p>\n<\/blockquote>\n<hr \/>\n<p><em><br \/>\n\u00abDebo confesar que haber contado con los servicios del equipo de D&#8217;kore Florister\u00eda fue la mejor opci\u00f3n para la decoraci\u00f3n de mi boda, no existen palabras para describir el profesionalismo, compromiso y cari\u00f1o que ponen en toda la planeaci\u00f3n y ejecuci\u00f3n de tu boda. Pablo me hizo sentir como si nos hubi\u00e9ramos conocido por much\u00edsimo tiempo, sent\u00ed que \u00e9l realmente estaba interesado porque mi boda fuera como siempre la so\u00f1\u00e9, y para ser sincera todo result\u00f3 aun mejor, la decoraci\u00f3n fue hermosa, llena de detalles que solamente un profesional de tal categor\u00eda podr\u00eda lograr. Cuando se trata de planear el mejor d\u00eda de tu vida, debes contar con los mejores proveedores y con plena certeza s\u00e9 que D&#8217;kore es la mejor opci\u00f3n para todo tipo de actividades.Gracias amigos por todo la atenci\u00f3n y el amor que le pusieron al d\u00eda m\u00e1s importante de mi vida, espero que podamos volver a trabajar juntos en un futuro no muy lejano\u00bb<br \/>\n<\/em><\/p>\n<blockquote>\n<p style=\"text-align: left;\"><span style=\"color: #29baba;\"><em>Laura Herrera Odio, Andrei Miranda Mu\u00f1oz, Boda 30 de abril 2016, Swiss Travel.<\/em><\/span><\/p>\n<\/blockquote>\n<hr \/>\n<p><em>\u00abMi esposa y yo nos casamos en Punta Leona en Junio del 2016. Contactamos a Pablo desde Estados Unidos y \u00e9l siempre estuvo atento a lo que quer\u00edamos y su respuesta fue siempre muy r\u00e1pida. El d\u00eda de la boda, las flores y los arreglos lucieron espectaculares \u00a1Justo como los quer\u00edamos! Much\u00edsimas gracias a Dkore Florister\u00eda por todo su trabajo y profesionalismo.\u00bb<\/em><\/p>\n<blockquote>\n<p style=\"text-align: left;\"><span style=\"color: #29baba;\"><em>Carlos Quesada y Marianna Symeonides, 4 de Junio del 2016, Punta Leona.<\/em><\/span><\/p>\n<\/blockquote>\n<hr \/>\n<p><em>\u00abM\u00e1s que satisfechos con el producto tan impecable recibido por ustedes, acompa\u00f1ado de un servicio espectacular, todo lo que anhelamos fue complacido y en cada arreglo y detalle se pod\u00eda percibir el cari\u00f1o y la dedicaci\u00f3n con que trabajaron en nuestra boda, fueron sin duda una de las bendiciones que Dios puso en nuestro camino en este proceso y les vamos a estar por siempre agradecidos. Esperamos de coraz\u00f3n que Dios siga bendiciendo su trabajo cada d\u00eda y que nunca dejen de sentir esa pasi\u00f3n que se plasma en cada una de las obras q construyen con sus manos. Un fuerte abrazo, con mucho aprecio\u00bb<\/em><\/p>\n<blockquote>\n<p style=\"text-align: left;\"><span style=\"color: #29baba;\"><em>Sara y Alejandro, 14 de marzo 2015,\u00a0<\/em><em>Susan y Erick 10 de abril 2016, Hotel Marriott.<\/em><\/span><\/p>\n<\/blockquote>\n<p>&nbsp;<\/p>\n<hr \/>\n<p>&nbsp;<\/p>\n","protected":false},"excerpt":{"rendered":"<p>\u00abSinceramente quedamos muy contentos y conformes. No nos queda m\u00e1s que seguir agradeciendo por haber hecho de nuestra boda un evento inolvidable, lleno de hermosos detalles, productos de calidad y m\u00e1s que accesibles los precios. Gracias por todo su trabajo y atenciones. Sus servicios estuvieron muy por arriba de nuestras expectativas. Saludos, un abrazo.\u00bb Guido [&hellip;]<\/p>\n","protected":false},"author":1,"featured_media":0,"parent":0,"menu_order":0,"comment_status":"closed","ping_status":"closed","template":"","meta":{"ngg_post_thumbnail":0,"footnotes":""},"class_list":["post-323","page","type-page","status-publish","hentry"],"_links":{"self":[{"href":"https:\/\/dkorefloristeria.com\/new\/wp-json\/wp\/v2\/pages\/323","targetHints":{"allow":["GET"]}}],"collection":[{"href":"https:\/\/dkorefloristeria.com\/new\/wp-json\/wp\/v2\/pages"}],"about":[{"href":"https:\/\/dkorefloristeria.com\/new\/wp-json\/wp\/v2\/types\/page"}],"author":[{"embeddable":true,"href":"https:\/\/dkorefloristeria.com\/new\/wp-json\/wp\/v2\/users\/1"}],"replies":[{"embeddable":true,"href":"https:\/\/dkorefloristeria.com\/new\/wp-json\/wp\/v2\/comments?post=323"}],"version-history":[{"count":9,"href":"https:\/\/dkorefloristeria.com\/new\/wp-json\/wp\/v2\/pages\/323\/revisions"}],"predecessor-version":[{"id":581,"href":"https:\/\/dkorefloristeria.com\/new\/wp-json\/wp\/v2\/pages\/323\/revisions\/581"}],"wp:attachment":[{"href":"https:\/\/dkorefloristeria.com\/new\/wp-json\/wp\/v2\/media?parent=323"}],"curies":[{"name":"wp","href":"https:\/\/api.w.org\/{rel}","templated":true}]}}